e 10) to base 12.
141267
-113302031 (base 5) to base 7
-4315250
Convert 133022100 (base 4) to base 2.
11111001010010000
Convert 202010222011110 (base 3) to base 5.
10220110233
What is d9ddb (base 15) in base 9?
1263658
Convert 122332123 (base 4) to base 3.
12121120021
-21451a3 (base 12) to base 3
-102212201022220
What is 130689 (base 12) in base 14?
819c5
Convert 6cc24 (base 13) to base 5.
22343123
What is -3abd05 (base 15) in base 13?
-77b77b
-3266076 (base 8) to base 5
-211122203
213021213 (base 4) to base 8
471147
-211320101 (base 4) to base 5
-14431103
What is 27989b (base 13) in base 3?
1210222001001
Convert -52799 (base 14) to base 3.
-101010002011
Convert -1000111001111000 (base 2) to base 4.
-20321320
What is -1a6529a (base 11) in base 4?
-31100312323
-1224203211 (base 5) to base 2
-1011010010100110111110
5bc38 (base 16) to base 10
375864
1101111111100110101 (base 2) to base 7
3616610
What is -222021322 (base 4) in base 6?
-3411214
What is 2131090 (base 10) in base 15?
2c167a
Convert 437040 (base 9) to base 7.
2134662
Convert -10258279 (base 10) to base 12.
-3528607
-10004002 (base 7) to base 16
-c9655
Convert 43012132 (base 5) to base 7.
3030262
What is 192186 (base 13) in base 5?
130224030
-a47716 (base 14) to base 5
-2410140004
What is 10032 (base 14) in base 13?
14676
-2270c4 (base 14) to base 3
-2012112111020
What is -11952 (base 16) in base 15?
-16513
Convert 1151540 (base 8) to base 14.
8337a
What is 2002011221 (base 3) in base 13?
15847
12a51a (base 14) to base 5
131034400
Convert -1364287 (base 10) to base 9.
-2508404
What is 202002111011210 (base 3) in base 16?
a2ee20
Convert -121b08 (base 16) to base 15.
-186898
111101211020210 (base 3) to base 14
d3558c
-1686d (base 16) to base 11
-63361
Convert 120222110212 (base 3) to base 12.
132042
Convert -322402412 (base 5) to base 15.
-1c18c2
What is -12121001002101 (base 3) in base 15?
-3dad01
Convert -110101000111001111 (base 2) to base 13.
-78039
What is -27795 (base 14) in base 3?
-11221210201
Convert -233506433 (base 7) to base 6.
-1233253255
What is -2e41b (base 16) in base 2?
-101110010000011011
What is -90965 (base 14) in base 2?
-1010100110111001101
Convert 9aa938 (base 12) to base 5.
1112343333
What is 102233131233 (base 4) in base 5?
2224204012
297874 (base 16) to base 14
50a656
What is -378a2 (base 11) in base 12?
-27528
What is -11110111001111000 (base 2) in base 4?
-132321320
Convert 9736403 (base 10) to base 4.
211021003103
Convert -1654618 (base 13) to base 4.
-123133210123
Convert 546450 (base 7) to base 12.
47620
What is -2354503 (base 6) in base 14?
-33371
Convert 598536 (base 10) to base 16.
92208
-5c124a (base 14) to base 9
-5835472
What is -38fa40 (base 16) in base 14?
-6d2b60
What is 2261f (base 16) in base 9?
234158
Convert baab2 (base 12) to base 13.
88532
What is -1003201222 (base 4) in base 6?
-5532254
-18c53 (base 14) to base 7
-351033
What is 240460 (base 8) in base 12?
3b700
10201110000 (base 3) to base 13
27438
-234b45 (base 15) to base 7
-20223251
What is 3d431 (base 14) in base 6?
3130311
What is -32bb7 (base 15) in base 5?
-20130042
164441 (base 7) to base 15
9ac5
Convert -10001000101100000011111 (base 2) to base 8.
-21054037
-2185906 (base 11) to base 13
-a40b15
110111000001101001 (base 2) to base 7
1626046
Convert 111351112 (base 7) to base 3.
110201220002001
What is 9483778 (base 10) in base 11?
5398337
-205137 (base 8) to base 7
-402544
-53609 (base 11) to base 9
-127812
Convert 11331343 (base 8) to base 9.
4575051
What is 3819 (base 16) in base 15?
43c6
What is 1042423041 (base 6) in base 16?
accec1
Convert -14280c1 (base 13) to base 7.
-105200341
What is 23028 (base 15) in base 6?
2215445
What is 835567 (base 9) in base 5?
111334221
What is -21011222201 (base 3) in base 2?
-100010100001101010
Convert 10237b (base 12) to base 15.
4ed95
Convert -24616647 (base 8) to base 11.
-3090520
Convert -63671 (base 10) to base 6.
-1210435
What is 586220 (base 12) in base 10?
1420728
What is 11368527 (base 9) in base 10?
5537185
Convert -111000101010001100111 (base 2) to base 10.
-1856615
What is -a4339 (base 11) in base 8?
-451113
672215 (base 10) to base 13
1a6c7b
What is 212220122111 (base 3) in base 16?
72e95
Convert -253571 (base 10) to base 2.
-111101111010000011
What is -314122 (base 6) in base 11?
-18207
-10b81 (base 15) to base 6
-1050221
Convert -1219075 (base 11) to base 4.
-20011222231
What is 31a1333 (base 11) in base 13?
121ba49
What is 452443 (base 9) in base 5?
32131242
Convert 841701 (base 9) to base 4.
1322003131
-2a060 (base 11) to base 9
-64457
-13a811 (base 12) to base 16
-5070d
Convert 15232303 (base 7) to base 13.
3bb732
Convert 3663106 (base 7) to base 13.
1357a5
3a0162 (base 11) to base 14
125704
2acc963 (base 13) to base 8
64316436
Convert 122413341 (base 5) to base 15.
ba4d1
Convert 101022010011202 (base 3) to base 8.
24703615
Convert -66522344 (base 8) to base 9.
-28858687
What is -201201222122000 (base 3) in base 16?
-a01391
What is -186646 (base 9) in base 4?
-130123113
-23213220 (base 5) to base 16
-33603
Convert -1a346 (base 11) to base 5.
-1401424
What is -110210212012 (base 3) in base 13?
-8a9b9
Convert -174260 (base 9) to base 8.
-323114
-10121011220 (base 3) to base 16
-114bd
Convert -122032012100 (base 4) to base 14.
-caccb6
What is 197aec (base 15) in base 3?
2100001110120
What is 46174a (base 14) in base 13?
657026
What is -164515 (base 7) in base 14?
-bd7c
What is 43334332 (base 6) in base 16?
13a6f0
Convert 29aef (base 16) to base 12.
8297b
-10023541 (base 6) to base 10
-283381
Convert -666330 (base 7) to base 4.
-130223202
What is -c4c20 (base 13) in base 16?
-56526
What is -10010110110010101111 (base 2) in base 9?
-1141224
Convert -102033034 (base 5) to base 6.
-13031344
Convert 72420 (base 9) to base 16.
ba6f
Convert -21435106 (base 7) to base 14.
-35cc76
What is 1887 (base 13) in base 14?
1496
What is 50a7 (base 16) in base 13?
9523
-4909b (base 13) to base 9
-224010
What is -1870533 (base 9) in base 14?
-1d4a1d
Convert 121311311 (base 4) to base 8.
316565
26721450 (base 8) to base 4
112322030220
Convert -37724520 (base 8) to base 4.
-133322211100
-2442080 (base 9) to base 3
-2111102002200
Convert -20010222022 (base 3) to base 11.
-829a6
Convert 1000011100011 (base 3) to base 12.
219464
102222020020010 (base 3) to base 10
6362148
Convert bdaca (base 14) to base 13.
131724
What is 3640467 (base 11) in base 2?
11000001011111000001110
What is 446779 (base 14) in base 12?
940333
-200213222 (base 4) to base 12
-653a2
What is 1300021 (base 6) in base 11?
48654
Convert 57052 (base 16) to base 2.
1010111000001010010
Convert -1042433 (base 5) to base 9.
-27327
What is -48cf78 (base 16) in base 11?
-276a063
c28326 (base 15) to base 16
8d0375
-11322312221 (base 4) to base 12
-62a035
What is -5618992 (base 12) in base 9?
-33865302
20552136 (base 7) to base 14
335756
-73252 (base 9) to base 15
-e4b8
1c949 (base 16) to base 7
665204
Convert -2872057 (base 12) to base 2.
-11110111100010011000011
What is 10534052 (base 7) in base 15?
1316e5
What is -2326137 (base 10) in base 9?
-4334766
167235 (base 9) to base 4
121110200
What is 1311111 (base 8) in base 13?
ca26b
Convert 20241000 (base 5) to base 10.
165125
Convert -1220103223 (base 4) to base 9.
-721054
What is 1000011001110110010 (base 2) in base 14?
724dc
Convert 5aa141 (base 16) to base 7.
101325250
Convert 5624537 (base 9) to base 6.
144522224
Convert -2001110220010 (base 3) to base 12.
-447b10
What is -3699243 (base 10) in base 12?
-12a4923
Convert 4706a2 (base 11) to base 16.
b6809
-2274057 (base 8) to base 15
-c3d2b
What is 133130 (base 6) in base 9?
17860
-1195338 (base 12) to base 7
-41105423
3477840 (base 12) to base 8
46445360
-104102104 (base 5) to base 10
-456529
278a07 (base 11) to base 9
734628
Convert 544341225 (base 6) to base 9.
20274468
What is 4636612 (base 7) in base 3?
1002111222121
What is 4768052 (base 9) in base 6?
131220332
111010011001010101 (base 2) to base 4
322121111
Convert -5810162 (base 9) to base 16.
-2fdb27
-1000100010101000110 (base 2) to base 15
-57dd8
What is 186102 (base 10) in base 14?
4bb70
Convert -8464592 (base 10) to base 6.
-501231532
Convert 100011101001001110 (base 2) to base 7.
1145436
What is -1138298 (base 10) in base 11?
-